ermine f(-12).
11
Let u(a) be the first derivative of -3*a**2/2 + 51*a + 662. Calculate u(13).
12
Let f(v) = 981*v**2 - v**3 - 503*v**2 - 475*v**2 + v. Let i be (1 + 1/2)*2. Calculate f(i).
3
Let h(o) = -2*o**3 - 12*o**2 + 5*o + 10. Let z(w) = -w**3 - 13*w**2 + 7*w + 9. Let q(d) = 2*h(d) - 3*z(d). Determine q(14).
35
Let k(m) = m**2 + 5*m + 6. Suppose 4*i + 66 = 10*i. Let f(h) = -h**3 + 13*h**2 - 23*h + 5. Let j be f(i). What is k(j)?
12
Let n = 19883/72 - 2482/9. Let t(f) be the third derivative of -1/120*f**6 + 21*f**2 + 0*f + 0 + f**3 - n*f**4 - 2/15*f**5. What is t(-7)?
20
Let b(s) = 7823934*s - 7823936*s - 2 - 10 - 1. Suppose 5*d + 49 - 4 = 0. What is b(d)?
5
Let i(m) = 10*m**2 + 2*m + 1. Let r = -374 + 485. Suppose 32*j - r = -47. What is i(j)?
45
Let q(w) be the third derivative of -w**6/720 + 7*w**5/120 - 13*w**4/8 - 191*w**2. Let c(v) be the second derivative of q(v). Give c(10).
-3
Let w(j) = j**3 + 6*j**2 - 10*j - 51. Suppose 3*a = -119*k + 120*k - 16, -3*k + 24 = -5*a. Calculate w(a).
9
Let j(w) = 2998 - 5344 - 7*w + 2343. Let u be 104/(-18) + (-2)/9. Give j(u).
39
Let t(c) = 2*c**3 + 2*c**2 - 3*c. Let i(m) = -m**2 - 19*m - 25. Let b be i(-14). Let w be 3/15 + 666/b. Let q be (-6)/15 + 66/w + -2. What is t(q)?
18
Let v = 3386 - 3384. Let b(d) = -3*d**3 - d**2 + 7*d. Calculate b(v).
-14
Let y be (-65)/(-5) - (1 - 4). Let z = 9 - y. Let j(t) be the first derivative of -t**4/4 - 7*t**3/3 + 6*t - 379. Calculate j(z).
6
Let p(m) = -4*m. Let l(f) = 5*f - 115. Let s be l(27). Let b be (-28)/s - ((-65)/(-25) + -3). What is p(b)?
4
Let b(z) = -3*z**3 + 2*z**2 + 2*z - 1. Let x be 0*5/(-15)*3. Suppose 4*w + 20 = 0, 2*m + 2*w + 2 + 12 = x. What is b(m)?
27
Let y(d) = d - 1. Let z(v) = v**3 - 12*v**2 - 2*v - 16. Let x be z(12). Let f = x - -48. Suppose 14 = 5*u - 2*n - f, -4*u - 4*n + 40 = 0. Determine y(u).
5
Let j(l) = 34 + 0 + 8 - 31 - l. Let n = 5 + 1. Calculate j(n).
5
Let h = -35 - -41. Suppose -h = -0*i - 2*i. Let l(p) = 11*p**i + 20*p**3 - 6*p - 4 - 30*p**3 + 4*p**2. What is l(-4)?
20
Let k(v) = -50*v**3 + 3*v**2 + 11*v + 21. Let a(q) = 23*q**3 - 2*q**2 - 6*q - 10. Let d(o) = -13*a(o) - 6*k(o). Determine d(-6).
4
Suppose 1001*z = 987*z + 70. Let c(f) = 3*f**2 + 8*f + 8. Let g = -17 + 14. Let r(s) = -2*s**2 - 4*s - 4. Let l(h) = g*c(h) - 5*r(h). What is l(z)?
1
Let u(d) = -580 - d**2 + 288 + 5*d + d**3 - 4*d + 285 - 3*d**3. Calculate u(3).
-67
Let m(x) be the second derivative of 5*x**2 + 5/3*x**3 - 4 + 1/12*x**4 - 7*x. Give m(-7).
-11
Let p(y) = -y - 28. Let w be (((-13702)/(-51))/(-31))/((-4)/(-12)). Determine p(w).
-2
Let c be (16/(-12) - -2)*6. Let l be 3 + (c - (0 - -2)). Let q(m) = 6 + 1 - 6 + l*m**2. Give q(-1).
6
Let t(k) = 5*k - 76. Let l(w) = -4*w**2 - 140*w - 119. Let j be l(-34). Determine t(j).
9
Let w = 347 + -389. Let t = w - -47. Let a(x) = -4*x**2 - 7*x - 8. Let y(n) = -3*n**2 - 7*n - 7. Let b(z) = 4*a(z) - 5*y(z). Calculate b(t).
13
Let u(m) be the first derivative of -5*m**2/2 + m + 1272. What is u(5)?
-24
Let f(s) = -s**2 - 6*s - 7. Let n = 224 + -222. Suppose u - n*d = 3, -2*d - 7 = -1. Calculate f(u).
2
Let x(m) = m**2 + m - 10. Let t = -273 + 266. Give x(t).
32
Let c be ((-87)/(-15) + 120/(-15))*-5. Let n(m) = m**3 - 12*m**2 + 13*m - 18. Calculate n(c).
4
Let r(q) = 6*q + 12*q + 74 - 59 - 20*q. Let d(f) = -4*f + 32. Let i(a) = 3*d(a) - 7*r(a). Calculate i(7).
5
Let d = 5972 + -5963. Let u(l) = -2*l**2 + 17*l + 3. Give u(d).
-6
Let l(w) = -36 + 42*w - 97*w**2 + 2*w + 96*w**2 - 10*w. Give l(33).
-3
Suppose 10305 - 10297 = 2*k. Let a(c) be the first derivative of 0*c**2 - 5/3*c**3 - 1/4*c**4 + k*c + 16. Calculate a(-5).
4
Let f(a) be the first derivative of 9*a**4/4 + a**3/3 + a**2 + a + 1. Let h = 1538 + -852. Let z = h + -687. Give f(z).
-9
Let u be 7/(7 + 7/(-2)). Let b(j) = 211*j**3 + j - u*j**2 + 0*j - 186*j**3. Calculate b(1).
24
Let f(d) = -d**2 - 50*d - 473. Let w be f(-37). Let p(x) = -x**3 + 10*x**2 - 17*x + 11. Give p(w).
3
Let a(p) = -p - 1. Let x be 1/8 - 1995/(-40). Let m = -47 + x. Suppose 56 = -m*u + 11*u. Calculate a(u).
-8
Suppose -g = -3*g + 18. Let h be ((-12)/g)/2*39. Let c = -27 - h. Let y(a) = -11*a**2 + 2*a + 1. What is y(c)?
-12
Let b be (-24 - -33) + -4*5/(-20). Let j = -8 + 11. Let a(l) = -l + 2*l - b*l**2 + l**j + 5*l + 4*l**2. Calculate a(5).
5
Let p = -27 + 46. Let w be -2 + p - (-2 - -4). Let h be (-2)/7 + 3/((-63)/w). Let y(b) = -8*b**3 - b. Calculate y(h).
9
Let u(b) = -13*b - 20*b - 6*b - 9*b + 47*b + 57. Give u(13).
44
Let j(p) be the first derivative of p**3/3 + 5*p**2 - p - 1083. Give j(-8).
-17
Let j(k) = -k**2 - 3*k - 4. Let w(l) = l + 1. Let i(d) = j(d) + 6*w(d). Let u(g) = -g**3 - 15*g**2 - g + 23. Let m be u(-10). Let x = -461 - m. What is i(x)?
-16
Let a = -7089 + 7080. Let i(g) = 3*g**2 + 31*g + 7. What is i(a)?
-29
Suppose 0 = -4*w + 16, 4*d + w + 15 + 21 = 0. Let p = 21 + d. Let g(q) = 13*q + 3*q**2 + p*q + 4 - 22*q - q**3. What is g(4)?
-4
Let i(y) = -7 - 3*y - y + 3*y. Let b = 49 + -46. Suppose -5*o - 11 = 2*f - 4, b*f + 2*o = -16. Give i(f).
-1
Let u(j) = j**3 + 2*j**2 - 8*j - 13. Let n(h) = 6*h**3 - 47*h**2 - 9*h + 4. Let l be n(8). Calculate u(l).
-13
Suppose 0 = -3*l, c + 2*l + 6 = 4*c. Let f(r) = -r**3 - 4*r - 2*r**c - 1 - 20*r**2 + 16*r**2. Let k be ((-6)/5)/(26/65). Determine f(k).
-16
Let z(m) = -m**3 + 6*m**2 - 5*m - 1. Suppose -7*d = 370 + 1. Let i = d - -57. Determine z(i).
11
Let p(x) = 2*x - 3*x**2 + 4*x - 3 + 2*x**2. Let c be 2/(22/2 - 4347/414). Determine p(c).
5
Let j(u) = -3*u**2 + 3*u + 1. Let p(z) = 9*z**2 - 9*z + 2. Let c(o) = 2*j(o) + p(o). Calculate c(3).
22
Suppose -240 = 59*o - 18*o + 39*o. Let w(a) be the first derivative of 5*a**2/2 - 2*a - 2. Give w(o).
-17
Let a(d) be the third derivative of d**4/24 + d**3/6 + 23*d**2 - d. Let b be 0/(-15) + 0 + -5. Give a(b).
-4
Let j(o) = -o**2 - 30*o + 132. Suppose -143 = 4*z - a, -30*z + 5*a + 101 = -34*z. Give j(z).
-4
Let w(v) = -1 - v**2 + 1 + v**3. Suppose -36 + 113 = -104*q - 131. Determine w(q).
-12
Suppose 2*s + 4*f - 2*f = 14, 2*f = -2. Let c(n) = -n**2 + 6*n + 16. Let p be c(s). Let u(h) = p + 7 - 3 + 2*h + 3. Calculate u(-7).
-7
Let a be (924/63 - 16)*18/8. Let b(g) = g - 4. Let k(x) = 5*x - 16. Let h(u) = 9*b(u) - 2*k(u). What is h(a)?
-1
Let y(j) = 17*j - 58. Let l(d) = 90*d + 1804. Let b be l(-20). Calculate y(b).
10
Let g(j) be the second derivative of j**4/12 - 5*j**3/6 + j**2 + 4991*j. Let a = 12 + -7. Calculate g(a).
2
Let t = -933 - -930. Let u be 5 + -5 - -2 - t. Let g(v) = 6*v - 25. Give g(u).
5
Let b(u) = 2*u**3 + 7*u**2 + 21*u + 14. Let v(x) = 13*x**3 + 47*x**2 + 146*x + 95. Let h(m) = -20*b(m) + 3*v(m). Determine h(5).
-5
Let v(j) be the third derivative of j**6/120 + j**5/10 + j**4/4 + j**3 + j**2 + 374*j. Determine v(-4).
14
Let k = -12797 + 12785. Let f(w) = w**3 + 13*w**2 + 12*w + 21. Give f(k).
21
Let d(g) = g**3 + 3*g**2 - g - 2. Suppose -42*q + 670 = -32*q. Suppose 0 = -17*s + q - 118. Calculate d(s).
1
Let o(l) = -l**3 + 3*l**2 + 2*l + 4. Let v(h) = -3*h**3 - 14*h**2 + 6*h + 8. Let z = -45 - -40. Let r be v(z). Calculate o(r).
10
Let y(u) = -17*u + 69. Let o = 7094 + -7090. What is y(o)?
1
Suppose 6*i - 7 - 29 = 0. Let c(w) = 0*w - 3*w + 4*w + i*w - 6 - w**2. Calculate c(4).
6
Let n = 307 - 309. Let b be (-3)/(-9) - 56/(-12). Let p(q) = -b - 3 - 3*q + 5 - q**2 - q**3. Determine p(n).
7
Suppose 6*o - 93 + 57 = 0. Suppose -8*k - 14 = -o*k. Let t(n) = 8 + 0*n + 2*n - n. What is t(k)?
1
Let k(i) be the third derivative of -i**5/60 + 13*i**4/24 - 5*i**3/2 - 3*i**2 - 35. Let p be (-2)/7 - 651/(-49). What is k(p)?
-15
Let y(i) = -i - 5. Let r(b) = 147*b + 590. Let c be r(-4). Give y(c).
-7
Suppose 14538*b + 140 = 14558*b. Let w(a) be the third derivative of a**5/60 - 7*a**4/24 - a**2. What is w(b)?
0
Let k = 169 + 12. Let q = 187 - k. Let j(u) be the third derivative of -u**6/120 + u**5/10 + u**4/12 + 3*u**2. Calculate j(q).
12
Let x(a) be the first derivative of -a**3/3 - 2*a**2 - 3*a + 2. Let k be (24/16 - 3)/(6/(-8)). Suppose -4*j = 10 - k. Calculate x(j).
1
Let s(j) = 16*j - 1. Let l(m) = 31*m - 2. Let b(g) = 6*l(g) - 11*s(g). Let a be 12/16 + (-35)/20. Give b(a).
-11
Let q(s) = -11*s**3 - 70*s**2 - s - 10. Let p(c) = 9*c**3 + 61*c**2 + c + 8. Let r(f) = 6*p(f) + 5*q(f). De